(-24 - -13) - (0 + -7)
2
What is -15 + (-7 - (-2 + (-5 + 3 - 6)))?
-12
What is 1 - (-10 - (-2 - (-10 + 17) - 25))?
-23
(3 - -7) + -1 - 4 - (-1 + 4)
2
5 - -1 - (-48 - (-73 + 24))
5
Calculate -31 + 36 + (2 - -12).
19
Evaluate -60 + 50 + (22 - 4).
8
What is the value of 0 - ((31 - 25) + -1)?
-5
Calculate -8 - (46 - 30) - (2 + 0 - 10).
-16
-2 + 16 + 4 - 9
9
4 + (-5 - 1 - (10 - 10)) + 7
5
What is 24 + -6 + (7 - -1) + -14?
12
Evaluate 0 + 2 + 3 - (7 - 7 - 0).
5
What is the value of -10 - ((-10 - -11) + -11)?
0
What is 5 - (0 + 14 - -3 - (35 + -31))?
-8
Evaluate 2 + (-8 - (6 + -11)) - -2.
1
What is -3 + -9 + 12 + 9 + (-15 - 4)?
-10
What is -820 - -815 - (2 + -4 + 20 + 1)?
-24
What is -31 + 26 - ((2 - 4) + (-1 - 1))?
-1
-8 + (-1 - 19 - -38)
10
Evaluate 39 - (21 - (6 + -15 + 14)).
23
Evaluate (4 - -1 - 12) + -3 + 33.
23
What is the value of (-8 + 17 - (9 + 5)) + 2 + -3?
-6
Calculate (6 - -3) + -6 + -7 - (-4 - 1).
1
What is 9 - (-13 - -10 - -3)?
9
Calculate 5 + -19 + -13 - (-3 - 9).
-15
Calculate -20 + -33 + 7 + 32.
-14
Calculate -41 + 6 + 37 - (-6 - 0).
8
Calculate -12 + 3 - (-47 - -45).
-7
Evaluate 34 - ((38 - 35) + 24).
7
What is the value of (-12 - (-33 - -7)) + -3?
11
Calculate -2 - 1 - (-292 - -300).
-11
What is -4 + 8 - (-12 - (-9 + -5))?
2
Calculate (12 - -3) + -20 + 16.
11
What is the value of 28 + (15 - 21) + -18?
4
What is the value of -9 + (22 - 6) + 18 + -6?
19
Evaluate -8 + 1 - (-225 + 231).
-13
What is -26 + 54 + -8 - 34?
-14
Evaluate (6 - 18) + (10 - (15 + -11)).
-6
What is the value of (13 - (24 + -12)) + -8?
-7
What is the value of 80 + -71 - (1 + -3 - (-11 + 2))?
2
Evaluate 10 + (9 - 23) + -3.
-7
What is the value of (-22 - -16) + (2 + 3 - 1)?
-2
What is 2 + 13 + -2 + -15 - (-14 - 0)?
12
What is (-42 - (-4 - 20) - (-3 + -1)) + 0?
-14
What is (-8 - 5) + 19 - -10?
16
Evaluate -7 - (-15 + (-12 - -31)).
-11
3 + -14 + (0 - -1) + -4
-14
What is (0 + (-2 - 0) - (-19 + 13)) + -2?
2
What is -26 + (8 - -17) - 1?
-2
What is the value of 10 - ((12 - 19) + 14) - 9?
-6
What is (2 + -2 - 11) + -1 + -68 + 75?
-5
-5 + (-7 - -3) + 17 + (16 - 13)
11
-23 + 23 + 8 - 28
-20
What is the value of 44 + -39 + (3 - 4 - (-2 - -25))?
-19
-4 - -3 - (0 + (-2 - (-6 + 14)))
9
What is the value of 3 + -15 + -9 + 1?
-20
Evaluate (-7 - -5 - 2) + 4 - (1 - 1).
0
What is 6 - (18 - (-6 - -8 - (-5 - -7)))?
-12
Evaluate (14 - 10 - 4) + -7.
-7
Evaluate 15 - (-3 + 24 + 9).
-15
Calculate 179 - 185 - (-3 + -34).
31
Evaluate -11 + 15 + 4 + -6 + 1.
3
Calculate 0 + 2 + 4 - (24 - 26).
8
What is the value of 2 + (14 - 44 - (-11 - -4 - 0))?
-21
What is the value of (46 - 38) + (3 - 16) + (-11 - 6)?
-22
Calculate -6 + -15 + 3 + 15.
-3
-4 + (-11 - -1) + 19
5
What is 8 - (2 + -1) - (-102 - -97)?
12
What is -11 - -10 - 14 - 12?
-27
What is (-70 - -62) + (-2 - 2 - 0)?
-12
-184 - -210 - (24 + -1)
3
What is 8 - (27 + -10 + -12 - 11)?
14
Calculate -3 + 2 + -1 + 6 + (6 - 21).
-11
-5 - 7 - (-68 - -76)
-20
Evaluate (7 + 2 - (9 - (1 - -8))) + 0.
9
What is the value of 3 - ((19 - 2) + -32 - -29)?
-11
Calculate (132 - 138) + (16 - 1).
9
Evaluate 3 - 0 - ((-13 - -2) + 12 + -8).
10
(1 - 8) + -2 + (341 - 338)
-6
What is the value of 6 + 0 - (8 - 6)?
4
What is the value of 3 - -2 - (13 + (3 + 1 - 0))?
-12
Calculate (-17 - (-25 + 20)) + (-5 - -2).
-15
Calculate -3 - 0 - (2 - -8 - 10 - -12).
-15
Calculate -11 + 12 + (13 - -1) + -6.
9
What is (-30 - -40) + (-21 - 6 - -6)?
-11
Calculate 3 - (-2 - (-18 - 2)) - (768 - 777).
-6
What is (-57 - -55) + 12 + -1 + 0?
9
What is 10 - (8 + (16 - 20))?
6
Calculate 3 + 0 + -50 + 41 - -1 - -2.
-3
Calculate 14 + -3 + (-8 + 7 - (3 - 0)).
7
7 + (0 - 1 - ((1 - -6) + -13))
12
Calculate (-116 - -106) + (-2 - -14).
2
-16 + (2 - (8 + 15 + -18))
-19
What is the value of -4 + (30 - 4) + (-12 - -4) - -2?
16
What is 0 - (-1 - (-1 - 1)) - (-44 - -37)?
6
What is the value of (3 - -19) + 215 + -244?
-7
Calculate (-71 - -39) + 21 - (1 + -11 + 1).
-2
Evaluate (-39 - 7 - -26) + 62 - (-1 - -5).
38
Calculate -15 + -25 + 25 - -27.
12
Calculate -3 - ((-10 - -1) + (-26 - (2 - 4))).
30
Evaluate 61 + (-24 - 17) - -18.
38
Evaluate (-274 - -264) + (-4 + (8 - 4) - 30).
-40
Calculate 11 - (-17 + 14 - 2).
16
What is the value of -3 + (5 - -1) + -7 - -2?
-2
Calculate 14 + (9 - 21) + (-3 - 3).
-4
-16 - (2 - 4 - (-11 - -19)) - -8
2
What is the value of -13 - -7 - -7 - -14 - -4?
19
Calculate -5 + 2 + -2 + 4 + -10 + 6.
-5
Evaluate 18 + (-3 - (-8 + (2 - 4)) - 5).
20
What is the value of (-14 + 4 - 0) + 0 + -3 + 1?
-12
Evaluate 5 - ((-4 - 16) + (-13 - -26) + -17).
29
43 + 8 + (10 - 43)
18
Calculate -37 - (7 + 2) - -52.
6
(-14 - (-13 - (-2 - 4))) + 3
-4
Evaluate 19 - (-5 - -22) - (17 - 0).
-15
Evaluate 6 + -25 + (-7 - (9 + -20)).
-15
What is 15 - ((6 + 11 + -7 - 9) + 3)?
11
17 - 16 - 24 - -28
5
What is 23 + -16 - 32 - -2?
-23
What is (694 - 720) + 1 + 1?
-24
What is -14 + (-6 + 7 - -6) - (-5 + 2)?
-4
What is 3 + 1 + (-24 - (-57 - -39))?
-2
(5 - 3 - 11) + 15 - 10
-4
What is the value of 0 + 5 + 8 + -6 + -4?
3
Evaluate 3 + 1 + -1 + -7 + 23 - -1.
20
Calculate -17 - 4 - (148 - 174).
5
What is -20 - (-21 + (3 - -3) + 0)?
-5
Calculate -24 + (-12 - -27) - (0 + -13).
4
What is 4 + (19 - 6) - 3?
14
Evaluate (1 - 0 - 6) + (-117 - -220 - 82).
16
9 + (2 - (-3 - -16))
-2
What is the value of 1 + -31 + (38 - 19)?
-11
Evaluate 1 + (0 - (6 - -17)).
-22
Calculate 1 - (6 - -5 - 23).
13
What is the value of 0 + -7 + 14 - 16?
-9
What is the value of 9 - (45 + -11 + -7 - 1)?
-17
Calculate -4 + -4 + 2 + 18 + -31.
-19
Evaluate 302 + -280 + (-14 - (1 - 2)).
9
Calculate 0 - -10 - (185 + -158).
-17
What is -7 + 13 + -20 + 20?
6
Evaluate 30 + -33 + -7 + 17.
7
-26 - (-135 + 138 + -7 + 1)
-23
What is the value of (-237 - -263) + (-6 - 56)?
-36
What is 22 + -10 - (-16 + 45)?
-17
Calculate -36 - -44 - (-4 + (13 - 6) + 4).
1
Calculate 18 + -4 + 2 + -4 + -45 + 43.
10
Calculate (5 - 5 - 5) + (-9 - 9).
-23
Calculate 0 + (-4 - 1) + 19 + (-56 - -38).
-4
Calculate -2 - 15 - (1 + -7).
-11
5 + (5 - -1 - 2) + 9
18
Calculate -81 - -66 - (-2 + -12).
-1
Calculate (-23 - -8) + 26 - 12.
-1
-31 + 2 - (8 + -4 + -2 + -7)
-24
-11 + (-9 - (10 + -11 + -1))
-18
4 - (3 - -13 - 13 - -3)
-2
What is -3 + 4 - (21 - 14)?
-6
What is the value of -33 + 11 - (-10 + (5 - 7))?
-10
What is the value of 34 - (51 + -11 + -17)?
11
Calculate 5 + -1 + (28 - 33) - (1 + 10).
-12
What is the value of 4 - (11 - 16 - (1 - 4))?
6
Evaluate 8 + -3 - (7 - (4 - -14)).
16
What is the value of -10 - -4 - -5 - -15?
14
What is -7 - (3 - 7 - (6 - -1 - 6))?
-2
Evaluate -4 - (-5 + 9 + (0 - 3)).
-5
Calculate (-10 + 16 - 2) + -3 + -1 + -11.
-11
Calculate 1 - (3 - (1 - -1)) - (63 - 53).
-10
Calculate -14 + (-18 + -2 - -25).
-9
What is (1 - 4 - (-11 + -4 - -8)) + 2?
6
Calculate 12 + -1 + -12 + -10 - -5.
-6
Evaluate (58 - 59) + 0 + 24.
23
Calculate -4 - (16 - 24 - (-5 - 10)).
-11
Calculate (87 - 91) + 0 + (1 - -1).
-2
Calculate 3 + -6 + (-34 - (-2 + 2)).
-37
(-11 - -19) + -16 - (3 - 7)
-4
Evaluate 13 - (-41 - -35 - (-4 - -2)).
17
Calculate 35 - (-11 - (-4 + (-20 - -4) + 9)).
35
Calculate 28 + (0 - 9 - ((-59 - -15) + 26)).
37
What is the value of 4 - (7 + -13 + (-4 - (-6 + -4)))?
4
Calculate -14 + 26 + -18 + 16.
10
What is 7 + ((-47 - -13) + 13 - (-1 + 6))?
-19
Evaluate (-42 + 44 - (4 - 1)) + 1.
0
What is the value of 1 + 2 + -72 + 58 + -3?
-14
What is (7 - (9 - -6)) + 17 + 6?
15
What is the value of -33 + 28 + (-7 - 1) + (-1 - 2)?
-16
What is -3 + (-1 - -20) + -5?
11
20 + -36 + 26 - (-1 - 12)
23
What is 6 + (-4 - 33) - -15?
-16
Calculate -36 + (12 - -6) + 30.
12
What is the value of (17 - 3 - (8 + 6)) + -14?
-14
Calculate 9 + -1 + (-65 - -50 - (3 + -4)).
-6
Calculate -13 - -18 - (34 + -17 + 0).
-12
What is the value of (-9 - (-6 + -3) - 8) + 8?
0
What is 11 - (2 + (-14 - -35))?
-12
What is (-3 - 2) + -29 + 40 - -6?
12
What is the value of 8 + (0 - 6 - 0 - 8) + 24?
18
Evaluate 16 - (-3 - -12) - (-3 - 1).
11
What is the value of 29 - 44 - (-2 + -9)?
-4
-112 + 120 + (0 - -16)
24
Evaluate -8 - (-1 - (-15 - -12 - 10)).
-20
What is (-2 - -11) + -11 + 0 + -6?
-8
15 - (-25 - -14) - 7
19
What is 11 - (-14 + 29) - -18?
14
What is 15 + (-4 + (-2 - -4) - -1) + -5?
9
Evaluate -5 + 10 - ((-15 + -1 - 8) + -5).
34
What is -16 + (6 - 7) + (-114 - -159)?
28
(9 - (6 + 18)) + 29
14
What is -2 + -2 - (7 + -12 - 2)